{"id":10,"date":"2020-06-05T21:34:10","date_gmt":"2020-06-05T19:34:10","guid":{"rendered":"https:\/\/mvh-h.de\/?page_id=10"},"modified":"2020-07-15T20:38:56","modified_gmt":"2020-07-15T18:38:56","slug":"verein","status":"publish","type":"page","link":"https:\/\/mv-hoerdt.de\/?page_id=10","title":{"rendered":"Kurzprofil"},"content":{"rendered":"\n<h2 class=\"wp-block-heading\">Unsere wesentlichen Ziele<\/h2>\n\n\n\n<ul class=\"wp-block-list\"><li>Erhaltung, Pflege und F\u00f6rderung der Volksmusik \/ Blasmusik<\/li><li>Durchf\u00fchrung und F\u00f6rderung der musikalischen Ausbildung und Jugendarbeit<\/li><li>Werbung und Gewinnung von musikalischem Nachwuchs<\/li><\/ul>\n\n\n\n<div style=\"height:25px\" aria-hidden=\"true\" class=\"wp-block-spacer\"><\/div>\n\n\n\n<figure class=\"wp-block-gallery columns-3 is-cropped wp-block-gallery-1 is-layout-flex wp-block-gallery-is-layout-flex\"><ul class=\"blocks-gallery-grid\"><li class=\"blocks-gallery-item\"><figure><img loading=\"lazy\" decoding=\"async\" width=\"1024\" height=\"683\" src=\"https:\/\/mv-hoerdt.de\/wp-content\/uploads\/2020\/06\/42525080_1891364524279356_8757796555471192064_o-1024x683.jpg\" alt=\"\" data-id=\"501\" data-full-url=\"https:\/\/mv-hoerdt.de\/wp-content\/uploads\/2020\/06\/42525080_1891364524279356_8757796555471192064_o.jpg\" data-link=\"https:\/\/mv-hoerdt.de\/?attachment_id=501\" class=\"wp-image-501\" srcset=\"https:\/\/mv-hoerdt.de\/wp-content\/uploads\/2020\/06\/42525080_1891364524279356_8757796555471192064_o-1024x683.jpg 1024w, https:\/\/mv-hoerdt.de\/wp-content\/uploads\/2020\/06\/42525080_1891364524279356_8757796555471192064_o-300x200.jpg 300w, https:\/\/mv-hoerdt.de\/wp-content\/uploads\/2020\/06\/42525080_1891364524279356_8757796555471192064_o-768x512.jpg 768w, https:\/\/mv-hoerdt.de\/wp-content\/uploads\/2020\/06\/42525080_1891364524279356_8757796555471192064_o-1536x1024.jpg 1536w, https:\/\/mv-hoerdt.de\/wp-content\/uploads\/2020\/06\/42525080_1891364524279356_8757796555471192064_o.jpg 2048w\" sizes=\"auto, (max-width: 767px) 89vw, (max-width: 1000px) 54vw, (max-width: 1071px) 543px, 580px\" \/><\/figure><\/li><li class=\"blocks-gallery-item\"><figure><img loading=\"lazy\" decoding=\"async\" width=\"2560\" height=\"1209\" src=\"https:\/\/mv-hoerdt.de\/wp-content\/uploads\/2019\/05\/2019_Muttertagskonzert_All_Cut-scaled.gif\" alt=\"\" data-id=\"637\" data-full-url=\"https:\/\/mv-hoerdt.de\/wp-content\/uploads\/2019\/05\/2019_Muttertagskonzert_All_Cut-scaled.gif\" data-link=\"https:\/\/mv-hoerdt.de\/?attachment_id=637\" class=\"wp-image-637\"\/><\/figure><\/li><li class=\"blocks-gallery-item\"><figure><img loading=\"lazy\" decoding=\"async\" width=\"1024\" height=\"683\" src=\"https:\/\/mv-hoerdt.de\/wp-content\/uploads\/2020\/06\/78281241_2599283350154133_8861741799190822912_o-1024x683.jpg\" alt=\"\" data-id=\"221\" data-full-url=\"https:\/\/mv-hoerdt.de\/wp-content\/uploads\/2020\/06\/78281241_2599283350154133_8861741799190822912_o.jpg\" data-link=\"https:\/\/mv-hoerdt.de\/?attachment_id=221\" class=\"wp-image-221\" srcset=\"https:\/\/mv-hoerdt.de\/wp-content\/uploads\/2020\/06\/78281241_2599283350154133_8861741799190822912_o-1024x683.jpg 1024w, https:\/\/mv-hoerdt.de\/wp-content\/uploads\/2020\/06\/78281241_2599283350154133_8861741799190822912_o-300x200.jpg 300w, https:\/\/mv-hoerdt.de\/wp-content\/uploads\/2020\/06\/78281241_2599283350154133_8861741799190822912_o-768x512.jpg 768w, https:\/\/mv-hoerdt.de\/wp-content\/uploads\/2020\/06\/78281241_2599283350154133_8861741799190822912_o-1536x1024.jpg 1536w, https:\/\/mv-hoerdt.de\/wp-content\/uploads\/2020\/06\/78281241_2599283350154133_8861741799190822912_o.jpg 2048w\" sizes=\"auto, (max-width: 767px) 89vw, (max-width: 1000px) 54vw, (max-width: 1071px) 543px, 580px\" \/><\/figure><\/li><\/ul><\/figure>\n\n\n\n<div style=\"height:20px\" aria-hidden=\"true\" class=\"wp-block-spacer\"><\/div>\n\n\n\n<hr class=\"wp-block-separator\"\/>\n\n\n\n<h2 class=\"wp-block-heading\">Unsere Musikgruppen (Probetag)<\/h2>\n\n\n\n<ul class=\"wp-block-list\"><li>Blasorchester (Freitag)<\/li><li>Jugendkapelle  (Freitag)<\/li><li>Sch\u00fclerkapelle (Montag)<\/li><li>Stammtischmusikanten (Donnerstag)<\/li><li>Blockfl\u00f6tengruppe(n)<\/li><\/ul>\n\n\n\n<div style=\"height:39px\" aria-hidden=\"true\" class=\"wp-block-spacer\"><\/div>\n\n\n\n<hr class=\"wp-block-separator\"\/>\n\n\n\n<h2 class=\"wp-block-heading\">Unsere Aktivit\u00e4ten <\/h2>\n\n\n\n<ul class=\"wp-block-list\"><li>Muttertagskonzert (Samstag vor dem Muttertag)<\/li><li>Musikfeste \/ gesellige Veranstaltungen (Augustinerfest, Oktoberfest)<\/li><li>Unterhaltungskonzerte \/ Auftritte bei befreundeten Vereinen<\/li><li>Mitwirkung bei weltlichen und kirchlichen Veranstaltungen in der Gemeinde<\/li><li>Kirchenkonzert und Gottesdienstgestaltung<\/li><\/ul>\n\n\n\n<div style=\"height:39px\" aria-hidden=\"true\" class=\"wp-block-spacer\"><\/div>\n\n\n\n<hr class=\"wp-block-separator\"\/>\n\n\n\n<div style=\"height:39px\" aria-hidden=\"true\" class=\"wp-block-spacer\"><\/div>\n\n\n\n<figure class=\"wp-block-gallery aligncenter columns-1 is-cropped wp-block-gallery-2 is-layout-flex wp-block-gallery-is-layout-flex\"><ul class=\"blocks-gallery-grid\"><li class=\"blocks-gallery-item\"><figure><img loading=\"lazy\" decoding=\"async\" width=\"2560\" height=\"1209\" src=\"https:\/\/mv-hoerdt.de\/wp-content\/uploads\/2019\/05\/2019_Muttertagskonzert_All_Cut-scaled.gif\" alt=\"\" data-id=\"637\" data-full-url=\"https:\/\/mv-hoerdt.de\/wp-content\/uploads\/2019\/05\/2019_Muttertagskonzert_All_Cut-scaled.gif\" data-link=\"https:\/\/mv-hoerdt.de\/?attachment_id=637\" class=\"wp-image-637\"\/><\/figure><\/li><\/ul><\/figure>\n","protected":false},"excerpt":{"rendered":"<p>Unsere wesentlichen Ziele Erhaltung, Pflege und F\u00f6rderung der Volksmusik \/ Blasmusik Durchf\u00fchrung und F\u00f6rderung der musikalischen Ausbildung und Jugendarbeit Werbung und Gewinnung von musikalischem Nachwuchs Unsere Musikgruppen (Probetag) Blasorchester (Freitag) Jugendkapelle (Freitag) Sch\u00fclerkapelle (Montag) Stammtischmusikanten (Donnerstag) Blockfl\u00f6tengruppe(n) Unsere Aktivit\u00e4ten Muttertagskonzert (Samstag vor dem Muttertag) Musikfeste \/ gesellige Veranstaltungen (Augustinerfest, Oktoberfest) Unterhaltungskonzerte \/ Auftritte bei befreundeten &hellip; <\/p>\n<p class=\"link-more\"><a href=\"https:\/\/mv-hoerdt.de\/?page_id=10\" class=\"more-link\"><span class=\"screen-reader-text\">\u201eKurzprofil\u201c <\/span>weiterlesen<\/a><\/p>\n","protected":false},"author":1,"featured_media":0,"parent":0,"menu_order":0,"comment_status":"closed","ping_status":"closed","template":"","meta":{"footnotes":""},"class_list":["post-10","page","type-page","status-publish","hentry"],"_links":{"self":[{"href":"https:\/\/mv-hoerdt.de\/index.php?rest_route=\/wp\/v2\/pages\/10","targetHints":{"allow":["GET"]}}],"collection":[{"href":"https:\/\/mv-hoerdt.de\/index.php?rest_route=\/wp\/v2\/pages"}],"about":[{"href":"https:\/\/mv-hoerdt.de\/index.php?rest_route=\/wp\/v2\/types\/page"}],"author":[{"embeddable":true,"href":"https:\/\/mv-hoerdt.de\/index.php?rest_route=\/wp\/v2\/users\/1"}],"replies":[{"embeddable":true,"href":"https:\/\/mv-hoerdt.de\/index.php?rest_route=%2Fwp%2Fv2%2Fcomments&post=10"}],"version-history":[{"count":49,"href":"https:\/\/mv-hoerdt.de\/index.php?rest_route=\/wp\/v2\/pages\/10\/revisions"}],"predecessor-version":[{"id":943,"href":"https:\/\/mv-hoerdt.de\/index.php?rest_route=\/wp\/v2\/pages\/10\/revisions\/943"}],"wp:attachment":[{"href":"https:\/\/mv-hoerdt.de\/index.php?rest_route=%2Fwp%2Fv2%2Fmedia&parent=10"}],"curies":[{"name":"wp","href":"https:\/\/api.w.org\/{rel}","templated":true}]}}