{"id":339,"date":"2020-06-09T11:27:09","date_gmt":"2020-06-09T09:27:09","guid":{"rendered":"https:\/\/mvh-h.de\/?page_id=339"},"modified":"2024-10-11T15:06:54","modified_gmt":"2024-10-11T13:06:54","slug":"schueler-musik-gruppe","status":"publish","type":"page","link":"https:\/\/mv-hoerdt.de\/?page_id=339","title":{"rendered":"Sch\u00fclerkapelle"},"content":{"rendered":"\n<p>Die Sch\u00fclerkapelle ist das kleinere Vororchester der Jugendkapelle und bereitet die Auszubildenden auf das Spielen in der Jugendkapelle vor. Das gemeinsame Musizieren steigert nicht nur das Wissen und die Erfahrung, es macht auch sehr viel Spa\u00df in der kleinen Gruppe aus ca. 10 Jungmusikern zu spielen.<\/p>\n\n\n\n<p>Das Programm ist einfach und \u00fcbersichtlich f\u00fcr die Neueinsteiger gestaltet und beantwortet alle Fragen, die sich im Laufe der Zeit ergeben.<\/p>\n\n\n\n<p>Beim Jugendvorspiel oder bei Jugendkonzerten kann sich die Sch\u00fclerkapelle regelm\u00e4\u00dfig dem Publikum pr\u00e4sentieren und zeigen, was auch schon nach kurzer Ausbildungszeit gemeinsam m\u00f6glich ist.<\/p>\n\n\n\n<p>Aktuell probt die Sch\u00fclerkapelle immer Montags von 18:00 bis 19:00 Uhr.<\/p>\n\n\n\n<h2 class=\"wp-block-heading\">Dirigenten der Sch\u00fclerkapelle<\/h2>\n\n\n\n<figure class=\"wp-block-table\"><table><thead><tr><th>Zeitraum<\/th><th>Dirigent<\/th><\/tr><\/thead><tbody><tr><td>2024-<\/td><td>Anna Liebel, Clara Stipp<\/td><\/tr><tr><td>2022-2023<\/td><td>Anna Liebel, Moritz Buttweiler<\/td><\/tr><tr><td>2021-2022<\/td><td>Anna Liebel, Elias Fosselmann, Moritz Buttweiler<\/td><\/tr><tr><td>2020-2021<\/td><td>A. Liebel, M. Boede, E.  Fosselmann, M. Buttweiler, A. Mo\u00dfgraber<\/td><\/tr><tr><td>2019-2020<\/td><td>Anna Liebel, Marie Boede, Elias Fosselmann<\/td><\/tr><tr><td>2011-2019<\/td><td>n.v.<\/td><\/tr><tr><td>2010-2011<\/td><td>Lara Fischer<\/td><\/tr><tr><td>2008-2010<\/td><td>Lara Fischer, Julika Schira<\/td><\/tr><tr><td>2006-2008<\/td><td>Adrian R\u00fcdiger<\/td><\/tr><tr><td>2002-2006<\/td><td>Matthias Fischer, Jonas Schira<\/td><\/tr><tr><td>2000-2001<\/td><td>n.v.<\/td><\/tr><tr><td>1997-1999<\/td><td>Daniela Schlindwein<\/td><\/tr><tr><td>1995-1997<\/td><td>Wolfgang E\u00dfwein<\/td><\/tr><tr><td>1994-1995<\/td><td>Stefan Grefig<\/td><\/tr><\/tbody><\/table><\/figure>\n","protected":false},"excerpt":{"rendered":"<p>Die Sch\u00fclerkapelle ist das kleinere Vororchester der Jugendkapelle und bereitet die Auszubildenden auf das Spielen in der Jugendkapelle vor. Das gemeinsame Musizieren steigert nicht nur das Wissen und die Erfahrung, es macht auch sehr viel Spa\u00df in der kleinen Gruppe aus ca. 10 Jungmusikern zu spielen. Das Programm ist einfach und \u00fcbersichtlich f\u00fcr die Neueinsteiger &hellip; <\/p>\n<p class=\"link-more\"><a href=\"https:\/\/mv-hoerdt.de\/?page_id=339\" class=\"more-link\"><span class=\"screen-reader-text\">\u201eSch\u00fclerkapelle\u201c <\/span>weiterlesen<\/a><\/p>\n","protected":false},"author":2,"featured_media":0,"parent":0,"menu_order":0,"comment_status":"closed","ping_status":"closed","template":"","meta":{"footnotes":""},"class_list":["post-339","page","type-page","status-publish","hentry"],"_links":{"self":[{"href":"https:\/\/mv-hoerdt.de\/index.php?rest_route=\/wp\/v2\/pages\/339","targetHints":{"allow":["GET"]}}],"collection":[{"href":"https:\/\/mv-hoerdt.de\/index.php?rest_route=\/wp\/v2\/pages"}],"about":[{"href":"https:\/\/mv-hoerdt.de\/index.php?rest_route=\/wp\/v2\/types\/page"}],"author":[{"embeddable":true,"href":"https:\/\/mv-hoerdt.de\/index.php?rest_route=\/wp\/v2\/users\/2"}],"replies":[{"embeddable":true,"href":"https:\/\/mv-hoerdt.de\/index.php?rest_route=%2Fwp%2Fv2%2Fcomments&post=339"}],"version-history":[{"count":14,"href":"https:\/\/mv-hoerdt.de\/index.php?rest_route=\/wp\/v2\/pages\/339\/revisions"}],"predecessor-version":[{"id":1970,"href":"https:\/\/mv-hoerdt.de\/index.php?rest_route=\/wp\/v2\/pages\/339\/revisions\/1970"}],"wp:attachment":[{"href":"https:\/\/mv-hoerdt.de\/index.php?rest_route=%2Fwp%2Fv2%2Fmedia&parent=339"}],"curies":[{"name":"wp","href":"https:\/\/api.w.org\/{rel}","templated":true}]}}

Schülerkapelle

<p>Die Schülerkapelle ist das kleinere Vororchester der Jugendkapelle und bereitet die Auszubildenden auf das Spielen in der Jugendkapelle vor. Das gemeinsame Musizieren steigert nicht nur das Wissen und die Erfahrung, es macht auch sehr viel Spaß in der kleinen Gruppe aus ca. 10 Jungmusikern zu spielen.</p>



<p>Das Programm ist einfach und übersichtlich für die Neueinsteiger gestaltet und beantwortet alle Fragen, die sich im Laufe der Zeit ergeben.</p>



<p>Beim Jugendvorspiel oder bei Jugendkonzerten kann sich die Schülerkapelle regelmäßig dem Publikum präsentieren und zeigen, was auch schon nach kurzer Ausbildungszeit gemeinsam möglich ist.</p>



<p>Aktuell probt die Schülerkapelle immer Montags von 18:00 bis 19:00 Uhr.</p>



<h2 class="wp-block-heading">Dirigenten der Schülerkapelle</h2>



<figure class="wp-block-table"><table><thead><tr><th>Zeitraum</th><th>Dirigent</th></tr></thead><tbody><tr><td>2024-</td><td>Anna Liebel, Clara Stipp</td></tr><tr><td>2022-2023</td><td>Anna Liebel, Moritz Buttweiler</td></tr><tr><td>2021-2022</td><td>Anna Liebel, Elias Fosselmann, Moritz Buttweiler</td></tr><tr><td>2020-2021</td><td>A. Liebel, M. Boede, E.  Fosselmann, M. Buttweiler, A. Moßgraber</td></tr><tr><td>2019-2020</td><td>Anna Liebel, Marie Boede, Elias Fosselmann</td></tr><tr><td>2011-2019</td><td>n.v.</td></tr><tr><td>2010-2011</td><td>Lara Fischer</td></tr><tr><td>2008-2010</td><td>Lara Fischer, Julika Schira</td></tr><tr><td>2006-2008</td><td>Adrian Rüdiger</td></tr><tr><td>2002-2006</td><td>Matthias Fischer, Jonas Schira</td></tr><tr><td>2000-2001</td><td>n.v.</td></tr><tr><td>1997-1999</td><td>Daniela Schlindwein</td></tr><tr><td>1995-1997</td><td>Wolfgang Eßwein</td></tr><tr><td>1994-1995</td><td>Stefan Grefig</td></tr></tbody></table></figure>

<p>Die Schülerkapelle ist das kleinere Vororchester der Jugendkapelle und bereitet die Auszubildenden auf das Spielen in der Jugendkapelle vor. Das gemeinsame Musizieren steigert nicht nur das Wissen und die Erfahrung, es macht auch sehr viel Spaß in der kleinen Gruppe aus ca. 10 Jungmusikern zu spielen. Das Programm ist einfach und übersichtlich für die Neueinsteiger &hellip; </p>
<p class="link-more"><a href="https://mv-hoerdt.de/?page_id=339" class="more-link"><span class="screen-reader-text">„Schülerkapelle“ </span>weiterlesen</a></p>
